{"id":133,"date":"2019-02-03T17:37:40","date_gmt":"2019-02-03T16:37:40","guid":{"rendered":"http:\/\/kuriosite.fr\/?page_id=133"},"modified":"2019-11-12T18:36:09","modified_gmt":"2019-11-12T17:36:09","slug":"cest-kurieux-non","status":"publish","type":"page","link":"https:\/\/kuriosite.fr\/index.php\/cest-kurieux-non\/","title":{"rendered":"C&rsquo;EST \u00ab\u00a0K\u00a0\u00bbURIEUX NON?"},"content":{"rendered":"\n<h4 class=\"wp-block-heading\" style=\"text-align:center\">Notre Agence propose des \u00e9v\u00e9nements sur mesure autour des th\u00e8mes des cabinets de curiosit\u00e9s, des cr\u00e9ateurs &amp; mus\u00e9es.<\/h4>\n\n\n\n<div class=\"wp-block-image\"><figure class=\"aligncenter\"><img loading=\"lazy\" decoding=\"async\" width=\"1024\" height=\"585\" src=\"https:\/\/kuriosite.fr\/wp-content\/uploads\/2019\/11\/Lienzo-Tela-Canvas-Vista-Paul-Rubens-Arte-Barroco-1024x585.jpg\" alt=\"\" class=\"wp-image-671\" srcset=\"https:\/\/kuriosite.fr\/wp-content\/uploads\/2019\/11\/Lienzo-Tela-Canvas-Vista-Paul-Rubens-Arte-Barroco-1024x585.jpg 1024w, https:\/\/kuriosite.fr\/wp-content\/uploads\/2019\/11\/Lienzo-Tela-Canvas-Vista-Paul-Rubens-Arte-Barroco-300x172.jpg 300w, https:\/\/kuriosite.fr\/wp-content\/uploads\/2019\/11\/Lienzo-Tela-Canvas-Vista-Paul-Rubens-Arte-Barroco-768x439.jpg 768w, https:\/\/kuriosite.fr\/wp-content\/uploads\/2019\/11\/Lienzo-Tela-Canvas-Vista-Paul-Rubens-Arte-Barroco-370x212.jpg 370w, https:\/\/kuriosite.fr\/wp-content\/uploads\/2019\/11\/Lienzo-Tela-Canvas-Vista-Paul-Rubens-Arte-Barroco-1040x595.jpg 1040w, https:\/\/kuriosite.fr\/wp-content\/uploads\/2019\/11\/Lienzo-Tela-Canvas-Vista-Paul-Rubens-Arte-Barroco.jpg 1200w\" sizes=\"auto, (max-width: 1024px) 100vw, 1024px\" \/><figcaption>\u00a0\u00bb Lienzo Tela Canvas Vista Paul Rubens Arte Barroco \u00ab\u00a0<\/figcaption><\/figure><\/div>\n","protected":false},"excerpt":{"rendered":"<p>Notre Agence propose des \u00e9v\u00e9nements sur mesure autour des th\u00e8mes des cabinets de curiosit\u00e9s, des cr\u00e9ateurs &amp; mus\u00e9es.<\/p>\n","protected":false},"author":1,"featured_media":49,"parent":0,"menu_order":3,"comment_status":"closed","ping_status":"closed","template":"","meta":{"_monsterinsights_skip_tracking":false,"_monsterinsights_sitenote_active":false,"_monsterinsights_sitenote_note":"","_monsterinsights_sitenote_category":0,"_uf_show_specific_survey":0,"_uf_disable_surveys":false,"footnotes":""},"class_list":["post-133","page","type-page","status-publish","has-post-thumbnail","hentry"],"jetpack-related-posts":[],"jetpack_sharing_enabled":true,"_links":{"self":[{"href":"https:\/\/kuriosite.fr\/index.php\/wp-json\/wp\/v2\/pages\/133","targetHints":{"allow":["GET"]}}],"collection":[{"href":"https:\/\/kuriosite.fr\/index.php\/wp-json\/wp\/v2\/pages"}],"about":[{"href":"https:\/\/kuriosite.fr\/index.php\/wp-json\/wp\/v2\/types\/page"}],"author":[{"embeddable":true,"href":"https:\/\/kuriosite.fr\/index.php\/wp-json\/wp\/v2\/users\/1"}],"replies":[{"embeddable":true,"href":"https:\/\/kuriosite.fr\/index.php\/wp-json\/wp\/v2\/comments?post=133"}],"version-history":[{"count":8,"href":"https:\/\/kuriosite.fr\/index.php\/wp-json\/wp\/v2\/pages\/133\/revisions"}],"predecessor-version":[{"id":672,"href":"https:\/\/kuriosite.fr\/index.php\/wp-json\/wp\/v2\/pages\/133\/revisions\/672"}],"wp:featuredmedia":[{"embeddable":true,"href":"https:\/\/kuriosite.fr\/index.php\/wp-json\/wp\/v2\/media\/49"}],"wp:attachment":[{"href":"https:\/\/kuriosite.fr\/index.php\/wp-json\/wp\/v2\/media?parent=133"}],"curies":[{"name":"wp","href":"https:\/\/api.w.org\/{rel}","templated":true}]}}