{"id":7,"date":"2017-11-17T11:12:51","date_gmt":"2017-11-17T10:12:51","guid":{"rendered":"http:\/\/kuriosite.fr\/?page_id=7"},"modified":"2025-10-27T10:41:25","modified_gmt":"2025-10-27T09:41:25","slug":"accueil","status":"publish","type":"page","link":"https:\/\/kuriosite.fr\/","title":{"rendered":"Accueil"},"content":{"rendered":"<div class=\"wp-block-image\">\n<figure class=\"aligncenter size-large is-resized\"><img loading=\"lazy\" decoding=\"async\" width=\"1024\" height=\"742\" src=\"https:\/\/kuriosite.fr\/wp-content\/uploads\/2025\/04\/logo-site-1024x742.png\" alt=\"\" class=\"wp-image-4574\" style=\"width:571px;height:auto\" srcset=\"https:\/\/kuriosite.fr\/wp-content\/uploads\/2025\/04\/logo-site-1024x742.png 1024w, https:\/\/kuriosite.fr\/wp-content\/uploads\/2025\/04\/logo-site-300x217.png 300w, https:\/\/kuriosite.fr\/wp-content\/uploads\/2025\/04\/logo-site-768x557.png 768w, https:\/\/kuriosite.fr\/wp-content\/uploads\/2025\/04\/logo-site-1536x1113.png 1536w, https:\/\/kuriosite.fr\/wp-content\/uploads\/2025\/04\/logo-site-2048x1484.png 2048w, https:\/\/kuriosite.fr\/wp-content\/uploads\/2025\/04\/logo-site-1240x899.png 1240w, https:\/\/kuriosite.fr\/wp-content\/uploads\/2025\/04\/logo-site-508x368.png 508w\" sizes=\"auto, (max-width: 1024px) 100vw, 1024px\" \/><\/figure><\/div>\n\n<p><a title=\"Vente de billets en ligne\" href=\"https:\/\/www.billetweb.fr\/multi_event.php?multi=43073&#038;color=407377\"  class=\"shop_frame\"  target=\"_blank\"  data-src=\"https:\/\/www.billetweb.fr\/multi_event.php?multi=43073&#038;color=407377\"  data-max-width=\"100%\"  data-initial-height=\"600\" data-scrolling=\"no\"  data-id=\"43073\"  data-resize=\"1\">Vente de billets en ligne<\/a><script type=\"text\/javascript\" src=\"https:\/\/www.billetweb.fr\/js\/export.js\"><\/script><\/p>\n\n\n\n<h2 class=\"wp-block-heading\">Architecte d&rsquo;int\u00e9rieur, designer et cr\u00e9ateur.<\/h2>\n\n\n\n<p><strong>KURIOSIT\u00c9<\/strong> est un cabinet de cr\u00e9ation et de n\u00e9o-curiosit\u00e9s,<br>\ndes lieux hors du temps o\u00f9, \u0153uvres d\u2019art, objets insolites et<br>\ncr\u00e9ations d\u00e9coratives peu ordinaires ont pour trait d\u2019union l\u2019\u00e9tonnant, le myst\u00e9rieux et l\u2019atypique.<\/p>\n\n\n\n<p>Je vous propose des \u00e9v\u00e9nements sur mesure autour de ces th\u00e8mes<br>\n\u00ab des cabinets de curiosit\u00e9s \u00bb.<\/p>\n\n\n\n<p>\u00c0 travers ces \u00e9v\u00e9nements atypiques, je me plais \u00e0 inventer vos moments d\u2019\u00e9vasion, \u00e0 d\u00e9nicher des perles rares, \u00e0 soutenir le fait-main, \u00e0 cultiver l\u2019esprit des si\u00e8cles pass\u00e9s, \u00e0 contribuer \u00e0 l\u2019organisation des moments forts de votre vie, \u00e0 faire bouillonner des milliers d\u2019id\u00e9es<br>\net surtout \u00e0 les concr\u00e9tiser !<\/p>\n\n\n\n<p class=\"has-text-align-center\">J\u00e9r\u00f4me<\/p>\n\n\n\n<div class=\"wp-block-jetpack-tiled-gallery aligncenter is-style-rectangular\"><div class=\"\"><div class=\"tiled-gallery__gallery\"><div class=\"tiled-gallery__row\"><div class=\"tiled-gallery__col\" style=\"flex-basis:63.96241%\"><figure class=\"tiled-gallery__item\"><img decoding=\"async\" srcset=\"https:\/\/i0.wp.com\/kuriosite.fr\/wp-content\/uploads\/2025\/09\/IMG_2813-1024x768.jpeg?strip=info&#038;w=600&#038;ssl=1 600w,https:\/\/i0.wp.com\/kuriosite.fr\/wp-content\/uploads\/2025\/09\/IMG_2813-1024x768.jpeg?strip=info&#038;w=900&#038;ssl=1 900w,https:\/\/i0.wp.com\/kuriosite.fr\/wp-content\/uploads\/2025\/09\/IMG_2813-1024x768.jpeg?strip=info&#038;w=1200&#038;ssl=1 1200w,https:\/\/i0.wp.com\/kuriosite.fr\/wp-content\/uploads\/2025\/09\/IMG_2813-1024x768.jpeg?strip=info&#038;w=1500&#038;ssl=1 1500w,https:\/\/i0.wp.com\/kuriosite.fr\/wp-content\/uploads\/2025\/09\/IMG_2813-1024x768.jpeg?strip=info&#038;w=1800&#038;ssl=1 1800w,https:\/\/i0.wp.com\/kuriosite.fr\/wp-content\/uploads\/2025\/09\/IMG_2813-1024x768.jpeg?strip=info&#038;w=2000&#038;ssl=1 2000w\" alt=\"\" data-height=\"1920\" data-id=\"5573\" data-link=\"https:\/\/kuriosite.fr\/index.php\/accueil\/img_2813\/\" data-url=\"https:\/\/kuriosite.fr\/wp-content\/uploads\/2025\/09\/IMG_2813-1024x768.jpeg\" data-width=\"2560\" src=\"https:\/\/i0.wp.com\/kuriosite.fr\/wp-content\/uploads\/2025\/09\/IMG_2813-1024x768.jpeg?ssl=1\" data-amp-layout=\"responsive\"\/><\/figure><\/div><div class=\"tiled-gallery__col\" style=\"flex-basis:36.03759%\"><figure class=\"tiled-gallery__item\"><img decoding=\"async\" srcset=\"https:\/\/i0.wp.com\/kuriosite.fr\/wp-content\/uploads\/2025\/09\/IMG_8753-768x1024.jpeg?strip=info&#038;w=600&#038;ssl=1 600w,https:\/\/i0.wp.com\/kuriosite.fr\/wp-content\/uploads\/2025\/09\/IMG_8753-768x1024.jpeg?strip=info&#038;w=900&#038;ssl=1 900w,https:\/\/i0.wp.com\/kuriosite.fr\/wp-content\/uploads\/2025\/09\/IMG_8753-768x1024.jpeg?strip=info&#038;w=1200&#038;ssl=1 1200w,https:\/\/i0.wp.com\/kuriosite.fr\/wp-content\/uploads\/2025\/09\/IMG_8753-768x1024.jpeg?strip=info&#038;w=1500&#038;ssl=1 1500w,https:\/\/i0.wp.com\/kuriosite.fr\/wp-content\/uploads\/2025\/09\/IMG_8753-768x1024.jpeg?strip=info&#038;w=1800&#038;ssl=1 1800w,https:\/\/i0.wp.com\/kuriosite.fr\/wp-content\/uploads\/2025\/09\/IMG_8753-768x1024.jpeg?strip=info&#038;w=1920&#038;ssl=1 1920w\" alt=\"\" data-height=\"2560\" data-id=\"5560\" data-link=\"https:\/\/kuriosite.fr\/index.php\/les-ateliers-du-vivant\/img_8753\/\" data-url=\"https:\/\/kuriosite.fr\/wp-content\/uploads\/2025\/09\/IMG_8753-768x1024.jpeg\" data-width=\"1920\" src=\"https:\/\/i0.wp.com\/kuriosite.fr\/wp-content\/uploads\/2025\/09\/IMG_8753-768x1024.jpeg?ssl=1\" data-amp-layout=\"responsive\"\/><\/figure><\/div><\/div><div class=\"tiled-gallery__row\"><div class=\"tiled-gallery__col\" style=\"flex-basis:60.10631%\"><figure class=\"tiled-gallery__item\"><img decoding=\"async\" srcset=\"https:\/\/i0.wp.com\/kuriosite.fr\/wp-content\/uploads\/2025\/09\/IMG_3825-768x1024.jpeg?strip=info&#038;w=600&#038;ssl=1 600w,https:\/\/i0.wp.com\/kuriosite.fr\/wp-content\/uploads\/2025\/09\/IMG_3825-768x1024.jpeg?strip=info&#038;w=900&#038;ssl=1 900w,https:\/\/i0.wp.com\/kuriosite.fr\/wp-content\/uploads\/2025\/09\/IMG_3825-768x1024.jpeg?strip=info&#038;w=1200&#038;ssl=1 1200w,https:\/\/i0.wp.com\/kuriosite.fr\/wp-content\/uploads\/2025\/09\/IMG_3825-768x1024.jpeg?strip=info&#038;w=1500&#038;ssl=1 1500w,https:\/\/i0.wp.com\/kuriosite.fr\/wp-content\/uploads\/2025\/09\/IMG_3825-768x1024.jpeg?strip=info&#038;w=1800&#038;ssl=1 1800w,https:\/\/i0.wp.com\/kuriosite.fr\/wp-content\/uploads\/2025\/09\/IMG_3825-768x1024.jpeg?strip=info&#038;w=1920&#038;ssl=1 1920w\" alt=\"\" data-height=\"2560\" data-id=\"5482\" data-link=\"https:\/\/kuriosite.fr\/index.php\/nos-solutions-pour-les-particuliers\/img_3825\/\" data-url=\"https:\/\/kuriosite.fr\/wp-content\/uploads\/2025\/09\/IMG_3825-768x1024.jpeg\" data-width=\"1920\" src=\"https:\/\/i0.wp.com\/kuriosite.fr\/wp-content\/uploads\/2025\/09\/IMG_3825-768x1024.jpeg?ssl=1\" data-amp-layout=\"responsive\"\/><\/figure><\/div><div class=\"tiled-gallery__col\" style=\"flex-basis:39.89369%\"><figure class=\"tiled-gallery__item\"><img decoding=\"async\" srcset=\"https:\/\/i0.wp.com\/kuriosite.fr\/wp-content\/uploads\/2024\/06\/IMG_0232-1024x1024.jpeg?strip=info&#038;w=600&#038;ssl=1 600w,https:\/\/i0.wp.com\/kuriosite.fr\/wp-content\/uploads\/2024\/06\/IMG_0232-1024x1024.jpeg?strip=info&#038;w=900&#038;ssl=1 900w,https:\/\/i0.wp.com\/kuriosite.fr\/wp-content\/uploads\/2024\/06\/IMG_0232-1024x1024.jpeg?strip=info&#038;w=1200&#038;ssl=1 1200w,https:\/\/i0.wp.com\/kuriosite.fr\/wp-content\/uploads\/2024\/06\/IMG_0232-1024x1024.jpeg?strip=info&#038;w=1500&#038;ssl=1 1500w,https:\/\/i0.wp.com\/kuriosite.fr\/wp-content\/uploads\/2024\/06\/IMG_0232-1024x1024.jpeg?strip=info&#038;w=1800&#038;ssl=1 1800w,https:\/\/i0.wp.com\/kuriosite.fr\/wp-content\/uploads\/2024\/06\/IMG_0232-1024x1024.jpeg?strip=info&#038;w=2000&#038;ssl=1 2000w\" alt=\"\" data-height=\"2560\" data-id=\"3454\" data-link=\"https:\/\/kuriosite.fr\/index.php\/la-boutik\/img_0232\/\" data-url=\"https:\/\/kuriosite.fr\/wp-content\/uploads\/2024\/06\/IMG_0232-1024x1024.jpeg\" data-width=\"2560\" src=\"https:\/\/i0.wp.com\/kuriosite.fr\/wp-content\/uploads\/2024\/06\/IMG_0232-1024x1024.jpeg?ssl=1\" data-amp-layout=\"responsive\"\/><\/figure><figure class=\"tiled-gallery__item\"><img decoding=\"async\" srcset=\"https:\/\/i0.wp.com\/kuriosite.fr\/wp-content\/uploads\/2024\/06\/IMG_7604-1-1024x1024.jpeg?strip=info&#038;w=600&#038;ssl=1 600w,https:\/\/i0.wp.com\/kuriosite.fr\/wp-content\/uploads\/2024\/06\/IMG_7604-1-1024x1024.jpeg?strip=info&#038;w=900&#038;ssl=1 900w,https:\/\/i0.wp.com\/kuriosite.fr\/wp-content\/uploads\/2024\/06\/IMG_7604-1-1024x1024.jpeg?strip=info&#038;w=1200&#038;ssl=1 1200w,https:\/\/i0.wp.com\/kuriosite.fr\/wp-content\/uploads\/2024\/06\/IMG_7604-1-1024x1024.jpeg?strip=info&#038;w=1500&#038;ssl=1 1500w,https:\/\/i0.wp.com\/kuriosite.fr\/wp-content\/uploads\/2024\/06\/IMG_7604-1-1024x1024.jpeg?strip=info&#038;w=1800&#038;ssl=1 1800w,https:\/\/i0.wp.com\/kuriosite.fr\/wp-content\/uploads\/2024\/06\/IMG_7604-1-1024x1024.jpeg?strip=info&#038;w=2000&#038;ssl=1 2000w\" alt=\"\" data-height=\"2560\" data-id=\"3438\" data-link=\"https:\/\/kuriosite.fr\/index.php\/organisation-de\/img_7604-1\/\" data-url=\"https:\/\/kuriosite.fr\/wp-content\/uploads\/2024\/06\/IMG_7604-1-1024x1024.jpeg\" data-width=\"2560\" src=\"https:\/\/i0.wp.com\/kuriosite.fr\/wp-content\/uploads\/2024\/06\/IMG_7604-1-1024x1024.jpeg?ssl=1\" data-amp-layout=\"responsive\"\/><\/figure><\/div><\/div><div class=\"tiled-gallery__row\"><div class=\"tiled-gallery__col\" style=\"flex-basis:50.00000%\"><figure class=\"tiled-gallery__item\"><img decoding=\"async\" srcset=\"https:\/\/i0.wp.com\/kuriosite.fr\/wp-content\/uploads\/2020\/10\/IMG_4846-768x1024.jpeg?strip=info&#038;w=600&#038;ssl=1 600w,https:\/\/i0.wp.com\/kuriosite.fr\/wp-content\/uploads\/2020\/10\/IMG_4846-768x1024.jpeg?strip=info&#038;w=900&#038;ssl=1 900w,https:\/\/i0.wp.com\/kuriosite.fr\/wp-content\/uploads\/2020\/10\/IMG_4846-768x1024.jpeg?strip=info&#038;w=1200&#038;ssl=1 1200w,https:\/\/i0.wp.com\/kuriosite.fr\/wp-content\/uploads\/2020\/10\/IMG_4846-768x1024.jpeg?strip=info&#038;w=1500&#038;ssl=1 1500w,https:\/\/i0.wp.com\/kuriosite.fr\/wp-content\/uploads\/2020\/10\/IMG_4846-768x1024.jpeg?strip=info&#038;w=1800&#038;ssl=1 1800w,https:\/\/i0.wp.com\/kuriosite.fr\/wp-content\/uploads\/2020\/10\/IMG_4846-768x1024.jpeg?strip=info&#038;w=1920&#038;ssl=1 1920w\" alt=\"\" data-height=\"2560\" data-id=\"1019\" data-link=\"https:\/\/kuriosite.fr\/index.php\/2020\/10\/18\/alice-au-pays-des-merveilles\/img_4846\/\" data-url=\"https:\/\/kuriosite.fr\/wp-content\/uploads\/2020\/10\/IMG_4846-768x1024.jpeg\" data-width=\"1920\" src=\"https:\/\/i0.wp.com\/kuriosite.fr\/wp-content\/uploads\/2020\/10\/IMG_4846-768x1024.jpeg?ssl=1\" data-amp-layout=\"responsive\"\/><\/figure><\/div><div class=\"tiled-gallery__col\" style=\"flex-basis:50.00000%\"><figure class=\"tiled-gallery__item\"><img decoding=\"async\" srcset=\"https:\/\/i0.wp.com\/kuriosite.fr\/wp-content\/uploads\/2020\/10\/IMG_4056-768x1024.jpeg?strip=info&#038;w=600&#038;ssl=1 600w,https:\/\/i0.wp.com\/kuriosite.fr\/wp-content\/uploads\/2020\/10\/IMG_4056-768x1024.jpeg?strip=info&#038;w=900&#038;ssl=1 900w,https:\/\/i0.wp.com\/kuriosite.fr\/wp-content\/uploads\/2020\/10\/IMG_4056-768x1024.jpeg?strip=info&#038;w=1200&#038;ssl=1 1200w,https:\/\/i0.wp.com\/kuriosite.fr\/wp-content\/uploads\/2020\/10\/IMG_4056-768x1024.jpeg?strip=info&#038;w=1500&#038;ssl=1 1500w,https:\/\/i0.wp.com\/kuriosite.fr\/wp-content\/uploads\/2020\/10\/IMG_4056-768x1024.jpeg?strip=info&#038;w=1800&#038;ssl=1 1800w,https:\/\/i0.wp.com\/kuriosite.fr\/wp-content\/uploads\/2020\/10\/IMG_4056-768x1024.jpeg?strip=info&#038;w=1920&#038;ssl=1 1920w\" alt=\"\" data-height=\"2560\" data-id=\"990\" data-link=\"https:\/\/kuriosite.fr\/index.php\/2020\/10\/18\/comme-le-temps-file\/img_4056\/\" data-url=\"https:\/\/kuriosite.fr\/wp-content\/uploads\/2020\/10\/IMG_4056-768x1024.jpeg\" data-width=\"1920\" src=\"https:\/\/i0.wp.com\/kuriosite.fr\/wp-content\/uploads\/2020\/10\/IMG_4056-768x1024.jpeg?ssl=1\" data-amp-layout=\"responsive\"\/><\/figure><\/div><\/div><\/div><\/div><\/div>\n","protected":false},"excerpt":{"rendered":"<p>Architecte d&rsquo;int\u00e9rieur, designer et cr\u00e9ateur. KURIOSIT\u00c9 est un cabinet de cr\u00e9ation et de n\u00e9o-curiosit\u00e9s, des lieux hors du temps o\u00f9, \u0153uvres d\u2019art, objets insolites et cr\u00e9ations d\u00e9coratives peu ordinaires ont pour trait d\u2019union l\u2019\u00e9tonnant, le myst\u00e9rieux et l\u2019atypique. Je vous propose des \u00e9v\u00e9nements sur mesure autour de ces th\u00e8mes \u00ab des cabinets de curiosit\u00e9s \u00bb. [&hellip;]<\/p>\n","protected":false},"author":1,"featured_media":0,"parent":0,"menu_order":1,"comment_status":"closed","ping_status":"closed","template":"","meta":{"_monsterinsights_skip_tracking":false,"_monsterinsights_sitenote_active":false,"_monsterinsights_sitenote_note":"","_monsterinsights_sitenote_category":0,"_uf_show_specific_survey":0,"_uf_disable_surveys":false,"footnotes":""},"class_list":["post-7","page","type-page","status-publish","hentry"],"jetpack-related-posts":[],"jetpack_sharing_enabled":true,"_links":{"self":[{"href":"https:\/\/kuriosite.fr\/index.php\/wp-json\/wp\/v2\/pages\/7","targetHints":{"allow":["GET"]}}],"collection":[{"href":"https:\/\/kuriosite.fr\/index.php\/wp-json\/wp\/v2\/pages"}],"about":[{"href":"https:\/\/kuriosite.fr\/index.php\/wp-json\/wp\/v2\/types\/page"}],"author":[{"embeddable":true,"href":"https:\/\/kuriosite.fr\/index.php\/wp-json\/wp\/v2\/users\/1"}],"replies":[{"embeddable":true,"href":"https:\/\/kuriosite.fr\/index.php\/wp-json\/wp\/v2\/comments?post=7"}],"version-history":[{"count":37,"href":"https:\/\/kuriosite.fr\/index.php\/wp-json\/wp\/v2\/pages\/7\/revisions"}],"predecessor-version":[{"id":5678,"href":"https:\/\/kuriosite.fr\/index.php\/wp-json\/wp\/v2\/pages\/7\/revisions\/5678"}],"wp:attachment":[{"href":"https:\/\/kuriosite.fr\/index.php\/wp-json\/wp\/v2\/media?parent=7"}],"curies":[{"name":"wp","href":"https:\/\/api.w.org\/{rel}","templated":true}]}}